{"id":15,"date":"2017-12-07T16:43:34","date_gmt":"2017-12-07T16:43:34","guid":{"rendered":"https:\/\/soundbyte-new.progressionstudios.com\/?page_id=15"},"modified":"2021-05-27T13:43:07","modified_gmt":"2021-05-27T19:43:07","slug":"episodes","status":"publish","type":"page","link":"http:\/\/sanamentecr.com\/index.php\/episodes\/","title":{"rendered":"Episodios"},"content":{"rendered":"\t\t<div data-elementor-type=\"wp-page\" data-elementor-id=\"15\" class=\"elementor elementor-15\" data-elementor-settings=\"[]\">\n\t\t\t\t\t\t\t<div class=\"elementor-section-wrap\">\n\t\t\t\t\t\t\t<section class=\"elementor-section elementor-top-section elementor-element elementor-element-5e1041e elementor-section-boxed elementor-section-height-default elementor-section-height-default\" data-id=\"5e1041e\" data-element_type=\"section\">\n\t\t\t\t\t\t<div class=\"elementor-container elementor-column-gap-default\">\n\t\t\t\t\t<div class=\"elementor-column elementor-col-50 elementor-top-column elementor-element elementor-element-7e19729\" data-id=\"7e19729\" data-element_type=\"column\">\n\t\t\t<div class=\"elementor-widget-wrap elementor-element-populated\">\n\t\t\t\t\t\t\t\t<div class=\"elementor-element elementor-element-f827753 elementor-view-default elementor-widget elementor-widget-icon\" data-id=\"f827753\" data-element_type=\"widget\" data-widget_type=\"icon.default\">\n\t\t\t\t<div class=\"elementor-widget-container\">\n\t\t\t\t\t<div class=\"elementor-icon-wrapper\">\n\t\t\t<div class=\"elementor-icon\">\n\t\t\t<i aria-hidden=\"true\" class=\"fas fa-microphone\"><\/i>\t\t\t<\/div>\n\t\t<\/div>\n\t\t\t\t<\/div>\n\t\t\t\t<\/div>\n\t\t\t\t\t<\/div>\n\t\t<\/div>\n\t\t\t\t<div class=\"elementor-column elementor-col-50 elementor-top-column elementor-element elementor-element-21efce0\" data-id=\"21efce0\" data-element_type=\"column\">\n\t\t\t<div class=\"elementor-widget-wrap elementor-element-populated\">\n\t\t\t\t\t\t\t\t<div class=\"elementor-element elementor-element-f565cfd elementor-widget elementor-widget-text-editor\" data-id=\"f565cfd\" data-element_type=\"widget\" data-widget_type=\"text-editor.default\">\n\t\t\t\t<div class=\"elementor-widget-container\">\n\t\t\t\t\t<div class=\"elementor-text-editor elementor-clearfix\"><h5>En este espacio podr\u00e1 encontrar los podcast \u201cConversemos Sanamente\u201d los cuales cuentan en cada episodio con un experto para abordar diferentes temas sobre salud mental. Cada semana podr\u00e1 acceder a nuevo contenido y avanzar hacia una vida m\u00e1s equilibrada.<\/h5><\/div>\n\t\t\t\t<\/div>\n\t\t\t\t<\/div>\n\t\t\t\t\t<\/div>\n\t\t<\/div>\n\t\t\t\t\t\t\t<\/div>\n\t\t<\/section>\n\t\t\t\t<section class=\"elementor-section elementor-top-section elementor-element elementor-element-9a869d4 elementor-section-stretched elementor-section-full_width elementor-section-height-default elementor-section-height-default\" data-id=\"9a869d4\" data-element_type=\"section\" data-settings=\"{&quot;stretch_section&quot;:&quot;section-stretched&quot;}\">\n\t\t\t\t\t\t<div class=\"elementor-container elementor-column-gap-no\">\n\t\t\t\t\t<div class=\"elementor-column elementor-col-100 elementor-top-column elementor-element elementor-element-439a885\" data-id=\"439a885\" data-element_type=\"column\">\n\t\t\t<div class=\"elementor-widget-wrap elementor-element-populated\">\n\t\t\t\t\t\t\t\t<div class=\"elementor-element elementor-element-9fe5f2c elementor-widget elementor-widget-spacer\" data-id=\"9fe5f2c\" data-element_type=\"widget\" data-widget_type=\"spacer.default\">\n\t\t\t\t<div class=\"elementor-widget-container\">\n\t\t\t\t\t<div class=\"elementor-spacer\">\n\t\t\t<div class=\"elementor-spacer-inner\"><\/div>\n\t\t<\/div>\n\t\t\t\t<\/div>\n\t\t\t\t<\/div>\n\t\t\t\t<div class=\"elementor-element elementor-element-b146c5a elementor-widget elementor-widget-progression-episode-post-list\" data-id=\"b146c5a\" data-element_type=\"widget\" data-widget_type=\"progression-episode-post-list.default\">\n\t\t\t\t<div class=\"elementor-widget-container\">\n\t\t\t\t\n\n\t<div class=\"progression-studios-elementor-episode-container\">\n\t\t\n\t\t\n\t\t\n\t\t\n\t\t\t\t\t\t\t<ul class=\"progression-filter-button-group progression-filter-group-b146c5a  progression-centered-filte-filter-pro\">\n\t\t\t\t\t\t\t\t\t\t\t<li class=\"pro-checked\" data-filter=\"*\">Todo<\/li> <li data-filter=\".temporada-1\">Temporada 1<\/li> \t\t\t\t\t\t\t\t\t<\/ul>\n\t\t\t\n\t\t\t\t<div class=\"clearfix-pro\"><\/div>\n\t\t\t\t\n\t\t\n\t\t<div class=\"progression-masonry-margins\">\n\t\t\t<div id=\"progression-blog-index-masonry-b146c5a\">\n\t\t\t\t\n\t\t\t\t\t\t\t\t<div class=\"progression-masonry-item  temporada-1 \">\n\t\t\t\t\t<div class=\"progression-masonry-padding-blog\">\n\t\t\t\t\t\t<div class=\"progression-studios-isotope-animation\">\n\t\t\t\t\t\t\t\n\t\t\t\t\t\t\t\n<div id=\"post-729\" class=\"post-729 podcast type-podcast status-publish has-post-thumbnail hentry series-temporada-1\">\t\n\t<a class=\"progression-studios-podcast-list-index\" href=\"http:\/\/sanamentecr.com\/index.php\/podcast\/episodio-10-conducta-sexual-saludable\/\" style=\"background-image:url('http:\/\/sanamentecr.com\/wp-content\/uploads\/2021\/06\/cover-10-800x600.jpg')\">\n\n\t\t<div class=\"progression-podcast-index-content\">\n\t\t\t\n\t\t\t<div class=\"progression-studios-podcast-index-border-top\"><\/div>\n\t\t\t\n\t\t\t<ul class=\"index-series-category-progression\"><li>Temporada 1<\/li><\/ul>\t\t\t\n\t\t\t\t\t\t\n\t\t\t<div class=\"clearfix-pro\"><\/div>\n\t\t\t<h2 class=\"progression-podcast-index-title\">Episodio 10: Conducta Sexual Saludable<\/h2>\n\t\t\t\n\t\t\t\t\t\t\n\t\t\t\t\t\t<div class=\"index-episode-read-more\">Ver Episodio <i class=\"fa fa-chevron-right\"><\/i><\/div>\n\t\t\t\n\t\t\t<div class=\"clearfix-pro\"><\/div>\n\t\t<\/div><!-- close .progression-podcast-index-content -->\n\t\t\n\t<div class=\"clearfix-pro\"><\/div>\n\t\n\t<div class=\"progression-podcast-index-overlay-bg\"><\/div>\n\t<\/a><!-- close .progression-studios-podcast-list-index -->\n<\/div><!-- #post-## -->\t\t\t\t\t\t\t\n\t\t\t\t\t\t<\/div><!-- close .progression-studios-isotope-animation -->\n\t\t\t\t\t<\/div><!-- close .progression-masonry-padding-blog -->\n\t\t\t\t<\/div><!-- close .progression-masonry-item -->\n\t\t\t\t\t\t\t\t<div class=\"progression-masonry-item  temporada-1 \">\n\t\t\t\t\t<div class=\"progression-masonry-padding-blog\">\n\t\t\t\t\t\t<div class=\"progression-studios-isotope-animation\">\n\t\t\t\t\t\t\t\n\t\t\t\t\t\t\t\n<div id=\"post-701\" class=\"post-701 podcast type-podcast status-publish has-post-thumbnail hentry series-temporada-1\">\t\n\t<a class=\"progression-studios-podcast-list-index\" href=\"http:\/\/sanamentecr.com\/index.php\/podcast\/episodio-9-manejo-del-estres\/\" style=\"background-image:url('http:\/\/sanamentecr.com\/wp-content\/uploads\/2021\/06\/agency-young-adult-profession-stressed-black-800x600.jpg')\">\n\n\t\t<div class=\"progression-podcast-index-content\">\n\t\t\t\n\t\t\t<div class=\"progression-studios-podcast-index-border-top\"><\/div>\n\t\t\t\n\t\t\t<ul class=\"index-series-category-progression\"><li>Temporada 1<\/li><\/ul>\t\t\t\n\t\t\t\t\t\t\n\t\t\t<div class=\"clearfix-pro\"><\/div>\n\t\t\t<h2 class=\"progression-podcast-index-title\">Episodio 9: Manejo del estr\u00e9s<\/h2>\n\t\t\t\n\t\t\t\t\t\t\n\t\t\t\t\t\t<div class=\"index-episode-read-more\">Ver Episodio <i class=\"fa fa-chevron-right\"><\/i><\/div>\n\t\t\t\n\t\t\t<div class=\"clearfix-pro\"><\/div>\n\t\t<\/div><!-- close .progression-podcast-index-content -->\n\t\t\n\t<div class=\"clearfix-pro\"><\/div>\n\t\n\t<div class=\"progression-podcast-index-overlay-bg\"><\/div>\n\t<\/a><!-- close .progression-studios-podcast-list-index -->\n<\/div><!-- #post-## -->\t\t\t\t\t\t\t\n\t\t\t\t\t\t<\/div><!-- close .progression-studios-isotope-animation -->\n\t\t\t\t\t<\/div><!-- close .progression-masonry-padding-blog -->\n\t\t\t\t<\/div><!-- close .progression-masonry-item -->\n\t\t\t\t\t\t\t\t<div class=\"progression-masonry-item  \">\n\t\t\t\t\t<div class=\"progression-masonry-padding-blog\">\n\t\t\t\t\t\t<div class=\"progression-studios-isotope-animation\">\n\t\t\t\t\t\t\t\n\t\t\t\t\t\t\t\n<div id=\"post-693\" class=\"post-693 podcast type-podcast status-publish has-post-thumbnail hentry\">\t\n\t<a class=\"progression-studios-podcast-list-index\" href=\"http:\/\/sanamentecr.com\/index.php\/podcast\/episodio-8-que-es-ansiedad\/\" style=\"background-image:url('http:\/\/sanamentecr.com\/wp-content\/uploads\/2021\/06\/profile-portrait-of-young-woman-hand-at-her-forehead-800x600.jpg')\">\n\n\t\t<div class=\"progression-podcast-index-content\">\n\t\t\t\n\t\t\t<div class=\"progression-studios-podcast-index-border-top\"><\/div>\n\t\t\t\n\t\t\t\t\t\t\n\t\t\t\t\t\t\n\t\t\t<div class=\"clearfix-pro\"><\/div>\n\t\t\t<h2 class=\"progression-podcast-index-title\">Episodio 8: \u00bfQu\u00e9 es ansiedad?<\/h2>\n\t\t\t\n\t\t\t\t\t\t\n\t\t\t\t\t\t<div class=\"index-episode-read-more\">Ver Episodio <i class=\"fa fa-chevron-right\"><\/i><\/div>\n\t\t\t\n\t\t\t<div class=\"clearfix-pro\"><\/div>\n\t\t<\/div><!-- close .progression-podcast-index-content -->\n\t\t\n\t<div class=\"clearfix-pro\"><\/div>\n\t\n\t<div class=\"progression-podcast-index-overlay-bg\"><\/div>\n\t<\/a><!-- close .progression-studios-podcast-list-index -->\n<\/div><!-- #post-## -->\t\t\t\t\t\t\t\n\t\t\t\t\t\t<\/div><!-- close .progression-studios-isotope-animation -->\n\t\t\t\t\t<\/div><!-- close .progression-masonry-padding-blog -->\n\t\t\t\t<\/div><!-- close .progression-masonry-item -->\n\t\t\t\t\t\t\t\t<div class=\"progression-masonry-item  \">\n\t\t\t\t\t<div class=\"progression-masonry-padding-blog\">\n\t\t\t\t\t\t<div class=\"progression-studios-isotope-animation\">\n\t\t\t\t\t\t\t\n\t\t\t\t\t\t\t\n<div id=\"post-665\" class=\"post-665 podcast type-podcast status-publish has-post-thumbnail hentry\">\t\n\t<a class=\"progression-studios-podcast-list-index\" href=\"http:\/\/sanamentecr.com\/index.php\/podcast\/episodio-7-consumo-de-sustancias-y-salud-mental\/\" style=\"background-image:url('http:\/\/sanamentecr.com\/wp-content\/uploads\/2021\/06\/shutterstock_1105897514-800x600.jpg')\">\n\n\t\t<div class=\"progression-podcast-index-content\">\n\t\t\t\n\t\t\t<div class=\"progression-studios-podcast-index-border-top\"><\/div>\n\t\t\t\n\t\t\t\t\t\t\n\t\t\t\t\t\t\n\t\t\t<div class=\"clearfix-pro\"><\/div>\n\t\t\t<h2 class=\"progression-podcast-index-title\">Episodio 7: Consumo de sustancias y salud mental<\/h2>\n\t\t\t\n\t\t\t\t\t\t\n\t\t\t\t\t\t<div class=\"index-episode-read-more\">Ver Episodio <i class=\"fa fa-chevron-right\"><\/i><\/div>\n\t\t\t\n\t\t\t<div class=\"clearfix-pro\"><\/div>\n\t\t<\/div><!-- close .progression-podcast-index-content -->\n\t\t\n\t<div class=\"clearfix-pro\"><\/div>\n\t\n\t<div class=\"progression-podcast-index-overlay-bg\"><\/div>\n\t<\/a><!-- close .progression-studios-podcast-list-index -->\n<\/div><!-- #post-## -->\t\t\t\t\t\t\t\n\t\t\t\t\t\t<\/div><!-- close .progression-studios-isotope-animation -->\n\t\t\t\t\t<\/div><!-- close .progression-masonry-padding-blog -->\n\t\t\t\t<\/div><!-- close .progression-masonry-item -->\n\t\t\t\t\t\t\t\t<div class=\"progression-masonry-item  temporada-1 \">\n\t\t\t\t\t<div class=\"progression-masonry-padding-blog\">\n\t\t\t\t\t\t<div class=\"progression-studios-isotope-animation\">\n\t\t\t\t\t\t\t\n\t\t\t\t\t\t\t\n<div id=\"post-659\" class=\"post-659 podcast type-podcast status-publish has-post-thumbnail hentry series-temporada-1\">\t\n\t<a class=\"progression-studios-podcast-list-index\" href=\"http:\/\/sanamentecr.com\/index.php\/podcast\/episodio-6-que-es-el-sentido-de-vida\/\" style=\"background-image:url('http:\/\/sanamentecr.com\/wp-content\/uploads\/2021\/06\/episodio6.jpg')\">\n\n\t\t<div class=\"progression-podcast-index-content\">\n\t\t\t\n\t\t\t<div class=\"progression-studios-podcast-index-border-top\"><\/div>\n\t\t\t\n\t\t\t<ul class=\"index-series-category-progression\"><li>Temporada 1<\/li><\/ul>\t\t\t\n\t\t\t\t\t\t\n\t\t\t<div class=\"clearfix-pro\"><\/div>\n\t\t\t<h2 class=\"progression-podcast-index-title\">Episodio 6: \u00bfQu\u00e9 es el sentido de vida?<\/h2>\n\t\t\t\n\t\t\t\t\t\t\n\t\t\t\t\t\t<div class=\"index-episode-read-more\">Ver Episodio <i class=\"fa fa-chevron-right\"><\/i><\/div>\n\t\t\t\n\t\t\t<div class=\"clearfix-pro\"><\/div>\n\t\t<\/div><!-- close .progression-podcast-index-content -->\n\t\t\n\t<div class=\"clearfix-pro\"><\/div>\n\t\n\t<div class=\"progression-podcast-index-overlay-bg\"><\/div>\n\t<\/a><!-- close .progression-studios-podcast-list-index -->\n<\/div><!-- #post-## -->\t\t\t\t\t\t\t\n\t\t\t\t\t\t<\/div><!-- close .progression-studios-isotope-animation -->\n\t\t\t\t\t<\/div><!-- close .progression-masonry-padding-blog -->\n\t\t\t\t<\/div><!-- close .progression-masonry-item -->\n\t\t\t\t\t\t\t\t<div class=\"progression-masonry-item  temporada-1 \">\n\t\t\t\t\t<div class=\"progression-masonry-padding-blog\">\n\t\t\t\t\t\t<div class=\"progression-studios-isotope-animation\">\n\t\t\t\t\t\t\t\n\t\t\t\t\t\t\t\n<div id=\"post-644\" class=\"post-644 podcast type-podcast status-publish has-post-thumbnail hentry series-temporada-1\">\t\n\t<a class=\"progression-studios-podcast-list-index\" href=\"http:\/\/sanamentecr.com\/index.php\/podcast\/episodio-5hablemos-sobre-depresion\/\" style=\"background-image:url('http:\/\/sanamentecr.com\/wp-content\/uploads\/2021\/05\/cute-young-brunette-woman-sitting-bedroom-with-white-pillow-her-lap-keeping-hands-her-cheeks-while-thinking-some-problem-with-unhappy-worried-expression-800x600.jpg')\">\n\n\t\t<div class=\"progression-podcast-index-content\">\n\t\t\t\n\t\t\t<div class=\"progression-studios-podcast-index-border-top\"><\/div>\n\t\t\t\n\t\t\t<ul class=\"index-series-category-progression\"><li>Temporada 1<\/li><\/ul>\t\t\t\n\t\t\t\t\t\t\n\t\t\t<div class=\"clearfix-pro\"><\/div>\n\t\t\t<h2 class=\"progression-podcast-index-title\">Episodio 5: Hablemos sobre Depresi\u00f3n<\/h2>\n\t\t\t\n\t\t\t\t\t\t\n\t\t\t\t\t\t<div class=\"index-episode-read-more\">Ver Episodio <i class=\"fa fa-chevron-right\"><\/i><\/div>\n\t\t\t\n\t\t\t<div class=\"clearfix-pro\"><\/div>\n\t\t<\/div><!-- close .progression-podcast-index-content -->\n\t\t\n\t<div class=\"clearfix-pro\"><\/div>\n\t\n\t<div class=\"progression-podcast-index-overlay-bg\"><\/div>\n\t<\/a><!-- close .progression-studios-podcast-list-index -->\n<\/div><!-- #post-## -->\t\t\t\t\t\t\t\n\t\t\t\t\t\t<\/div><!-- close .progression-studios-isotope-animation -->\n\t\t\t\t\t<\/div><!-- close .progression-masonry-padding-blog -->\n\t\t\t\t<\/div><!-- close .progression-masonry-item -->\n\t\t\t\t\t\t\t\t\n\t\t\t<\/div><!-- close #progression-blog-index-masonry-b146c5a  -->\n\t\t<\/div><!-- close .progression-masonry-margins -->\n\t\t\n\t\t<div class=\"clearfix-pro\"><\/div>\n\t\t\t\t\n\t\t\t\t\t\t\t\n\t\t\t\t\t\t\t\t\t\t\t<div id=\"progression-load-more-manual\">\n\t\t\t\t\t\t<div id=\"infinite-nav-pro-b146c5a\" class=\"infinite-nav-pro\"><div class=\"nav-previous\"><a href=\"http:\/\/sanamentecr.com\/index.php\/wp-json\/wp\/v2\/pages\/15\/page\/2\/\" >Ver m\u00e1s <span><i class=\"fa fa-arrow-circle-down\"><\/i><\/span><\/a><\/div><\/div>\n\t\t\t\t\t\t<\/div>\n\t\t\t\t\t\t\t\t\t\t\n\t\t\t\t\t\t\n\t<\/div><!-- close .progression-studios-elementor-episode-container -->\n\t\n\t<div class=\"clearfix-pro\"><\/div>\n\t\n\t<script type=\"text\/javascript\">\n\tjQuery(document).ready(function($) {\n\t\t'use strict';\n\t\t\/* Default Isotope Load Code *\/\n\t\tvar $containerb146c5a = $(\"#progression-blog-index-masonry-b146c5a\").isotope();\n\t\t$containerb146c5a.imagesLoaded( function() {\n\t\t\t$(\".progression-masonry-item\").addClass(\"opacity-progression\");\n\t\t\t$containerb146c5a.isotope({\n\t\t\t\titemSelector: \"#progression-blog-index-masonry-b146c5a .progression-masonry-item\",\t\t\t\t\n\t\t\t\tpercentPosition: true,\n\t\t\t\tlayoutMode: \"masonry\" \n\t \t\t});\n\t\t});\n\t\t\/* END Default Isotope Code *\/\n\t\t\n\t\t\t\t$('.progression-filter-group-b146c5a').on( 'click', 'li', function() {\n\t\t  var filterValue = $(this).attr('data-filter');\n\t\t  $containerb146c5a.isotope({ filter: filterValue });\n\t\t});\n\t\t\n    \t  $('.progression-filter-group-b146c5a').each( function( i, buttonGroup ) {\n    \t\tvar $buttonGroup = $( buttonGroup );\n    \t\t$buttonGroup.on( 'click', 'li', function() {\n    \t\t  $buttonGroup.find('.pro-checked').removeClass('pro-checked');\n    \t\t  $( this ).addClass('pro-checked');\n    \t\t});\n    \t  });\n\t\t\t\t\n\t\t\n\t\t\t\t\n\t\t\/* Begin Infinite Scroll *\/\n\t\t$containerb146c5a.infinitescroll({\n\t\terrorCallback: function(){  $(\"#infinite-nav-pro-b146c5a\").delay(500).fadeOut(500, function(){ $(this).remove(); }); },\n\t\t  navSelector  : \"#infinite-nav-pro-b146c5a\",  \n\t\t  nextSelector : \"#infinite-nav-pro-b146c5a .nav-previous a\", \n\t\t  itemSelector : \"#progression-blog-index-masonry-b146c5a .progression-masonry-item\", \n\t   \t\tloading: {\n\t   \t\t \timg: \"http:\/\/sanamentecr.com\/wp-content\/themes\/soundbyte-progression\/images\/loader.gif\",\n\t   \t\t\t msgText: \"\",\n\t   \t\t \tfinishedMsg: \"<div id='no-more-posts'>No more posts<\/div>\",\n\t   \t\t \tspeed: 0, }\n\t\t  },\n\t\t  \/\/ trigger Isotope as a callback\n\t\t  function( newElements ) {\n\t\t    var $newElems = $( newElements );\n \t\n\t\t\t\t$newElems.imagesLoaded(function(){\n\t\t\t\t\t\n\t\t\t\t$containerb146c5a.isotope( \"appended\", $newElems );\n\t\t\t\t$(\".progression-masonry-item\").addClass(\"opacity-progression\");\n\t\t\t\t\n\t\t\t});\n\n\t\t  }\n\t\t);\n\t    \/* END Infinite Scroll *\/\n\t\t\t\t\n\t\t\n\t\t\t\t\/* PAUSE FOR LOAD MORE *\/\n\t\t$(window).unbind(\".infscr\");\n\t\t\/\/ Resume Infinite Scroll\n\t\t$(\"#infinite-nav-pro-b146c5a .nav-previous a\").click(function(){\n\t\t\t$containerb146c5a.infinitescroll(\"retrieve\");\n\t\t\treturn false;\n\t\t});\n\t\t\/* End Infinite Scroll *\/\n\t\t\t\t\n\t});\n\t<\/script>\n\t\n\n\t\t\n\n\t\t\t<\/div>\n\t\t\t\t<\/div>\n\t\t\t\t\t<\/div>\n\t\t<\/div>\n\t\t\t\t\t\t\t<\/div>\n\t\t<\/section>\n\t\t\t\t\t\t<\/div>\n\t\t\t\t\t<\/div>\n\t\t","protected":false},"excerpt":{"rendered":"<p>En este espacio podr\u00e1 encontrar los podcast \u201cConversemos Sanamente\u201d los cuales cuentan en cada episodio con un experto para abordar diferentes temas sobre salud mental. Cada semana podr\u00e1 acceder a nuevo contenido y avanzar hacia una vida m\u00e1s equilibrada. Todo Temporada 1 Temporada 1 Episodio 5:Hablemos sobre Depresi\u00f3n Ver Episodio Temporada 1 Episodio 4: Cuidado [&hellip;]<\/p>\n","protected":false},"author":1,"featured_media":0,"parent":0,"menu_order":0,"comment_status":"closed","ping_status":"closed","template":"","meta":{"episode_type":"","audio_file":"","cover_image":"","cover_image_id":"","duration":"","filesize":"","date_recorded":"","explicit":"","block":"","filesize_raw":"","footnotes":""},"_links":{"self":[{"href":"http:\/\/sanamentecr.com\/index.php\/wp-json\/wp\/v2\/pages\/15"}],"collection":[{"href":"http:\/\/sanamentecr.com\/index.php\/wp-json\/wp\/v2\/pages"}],"about":[{"href":"http:\/\/sanamentecr.com\/index.php\/wp-json\/wp\/v2\/types\/page"}],"author":[{"embeddable":true,"href":"http:\/\/sanamentecr.com\/index.php\/wp-json\/wp\/v2\/users\/1"}],"replies":[{"embeddable":true,"href":"http:\/\/sanamentecr.com\/index.php\/wp-json\/wp\/v2\/comments?post=15"}],"version-history":[{"count":32,"href":"http:\/\/sanamentecr.com\/index.php\/wp-json\/wp\/v2\/pages\/15\/revisions"}],"predecessor-version":[{"id":654,"href":"http:\/\/sanamentecr.com\/index.php\/wp-json\/wp\/v2\/pages\/15\/revisions\/654"}],"wp:attachment":[{"href":"http:\/\/sanamentecr.com\/index.php\/wp-json\/wp\/v2\/media?parent=15"}],"curies":[{"name":"wp","href":"https:\/\/api.w.org\/{rel}","templated":true}]}}